{"id":111,"date":"2020-08-20T18:38:17","date_gmt":"2020-08-20T16:38:17","guid":{"rendered":"http:\/\/parafiaostrowsko.info\/wordpress\/?page_id=111"},"modified":"2023-08-31T15:52:36","modified_gmt":"2023-08-31T13:52:36","slug":"aneks-do-regulaminu-cmentarza","status":"publish","type":"page","link":"http:\/\/parafiaostrowsko.info\/wordpress\/index.php\/aneks-do-regulaminu-cmentarza\/","title":{"rendered":"ANEKS DO REGULAMINU CMENTARZA"},"content":{"rendered":"<p style=\"text-align: center;\"><strong>ANEKS DO REGULAMINU CMENTARZA<\/strong><\/p>\n<p>Wysoko\u015b\u0107 op\u0142at pozostaje na dotychczasowym poziomie zgodnie z uchwa\u0142\u0105 Duszpasterskiej Rady Parafialnej z dnia 2 wrze\u015bnia 2003 r. \u2013 zaktualizowany dnia 30 sierpnia 2023 r.<\/p>\n<p>Op\u0142aty s\u0105 przyjmowane przez kancelari\u0119 parafialn\u0105 za pokwitowaniem i katalogowane.<\/p>\n<p><strong>CENNIK OP\u0141AT DOTYCZ\u0104CY PRAC NA CMENTARZU:<\/strong><\/p>\n<ol>\n<li>Korzystanie z ch\u0142odni w kaplicy cmentarnej \u2013 50 z\u0142 \/ dob\u0119<\/li>\n<li>Op\u0142ata za wykopanie grobu standardowego pojedynczego \u2013 1000 z\u0142; za gr\u00f3b dzieci\u0119cy \u2013 500 z\u0142<\/li>\n<li>Op\u0142ata za pos\u0142ug\u0119 przy ceremonii pogrzebowej \u2013 500 z\u0142 (obs\u0142uga pogrzebu, obs\u0142uga kaplicy, sprz\u0105tanie kaplicy) a w przypadku niekorzystania z kaplicy kwota 400 z\u0142<\/li>\n<li>Przygotowanie grobu\/ewentualnego nagrobka do poch\u00f3wku\/ inne prace &#8211; po uzgodnieniu z Gospodarzem<\/li>\n<li>Op\u0142ata w przypadku zamontowania tzw. skrzynki drewnianej (oraz ka\u017cdorazowa wymiana) \u2013 100 z\u0142<\/li>\n<li>Op\u0142ata w przypadku wymiany nagrobka\/pomnika: pojedynczego \u2013 200 z\u0142; podw\u00f3jnego \u2013 400 z\u0142<\/li>\n<li>Op\u0142ata w przypadku budowy pomnika: pojedynczego \u2013 300 z\u0142; podw\u00f3jnego \u2013 600 z\u0142<\/li>\n<li>Op\u0142ata w przypadku budowy grobowca rodzinnego \u2013 400 z\u0142 \/ m2<\/li>\n<li>Op\u0142ata w przypadku budowy podpiwniczenia pod pomnik \u2013 400 z\u0142 \/ m2<\/li>\n<li>Rezerwacja miejsca \u2013 200 z\u0142, uwzgl\u0119dniana przy uiszczaniu op\u0142at za poch\u00f3wek<\/li>\n<li>Wykonywanie wszelkich prac na cmentarzu przez firmy kamieniarskie wymaga wcze\u015bniejszego uzgodnienia z Zarz\u0105dc\u0105 (Proboszczem) i uiszczenia op\u0142aty jednorazowej \u2013 50 z\u0142<\/li>\n<li>Zgodnie z uchwa\u0142\u0105 DRP z dn. 02-09-2003 r. po 25 latach nast\u0119puje ponowienie op\u0142at za groby ziemne (w tym tzw. skrzynki). O mijaj\u0105cym terminie op\u0142at zainteresowane rodziny b\u0119d\u0105 informowane pisemnie przez parafi\u0119. Nie dotyczy to pomnik\u00f3w i grobowc\u00f3w.<\/li>\n<\/ol>\n<p>W przypadku mogi\u0142 ziemnych tzw. zapomnianych i braku jakiegokolwiek zainteresowania rodziny, Zarz\u0105dca zastrzega sobie prawo do ponownego zadysponowania miejscem poch\u00f3wku po 25 latach.<\/p>\n<ol>\n<li>Nagrobki dzieci\u0119ce s\u0105 zwolnione z jakichkolwiek op\u0142at.<\/li>\n<li>Sk\u0142adka z pierwszej niedzieli czerwca przeznaczona b\u0119dzie na rzecz p. Gospodarza Cmentarza, jako forma zado\u015b\u0107uczynienia za utrzymanie nale\u017cytego porz\u0105dku na cmentarzu w ci\u0105gu ca\u0142ego roku.<\/li>\n<li>Sk\u0142adki z mszy \u015bw. pogrzebowych przeznaczone s\u0105 na poczet funduszu cmentarnego.<\/li>\n<li>Okres 25 lat b\u0119dzie liczony od 02-09-2003 r.<\/li>\n<\/ol>\n<p>Wszystkie powy\u017csze op\u0142aty stanowi\u0105 podstaw\u0119 utrzymania cmentarza (w tym wywozu i utylizacji \u015bmieci, prac ogrodniczych) oraz ewentualnych prac remontowo-naprawczych.<\/p>\n<p style=\"text-align: right;\">ANEKS DO REGULAMINU CMENTARZA UCHWALI\u0141A I ZATWIERDZI\u0141A <br \/>RADA PARAFIALNA W DNIU 30 SIERPNIA 2023 R.<\/p>\n\n\n<div class=\"wp-block-columns\">\n<div class=\"wp-block-column\"><\/div>\n\n\n\n<div class=\"wp-block-column\"><\/div>\n\n\n\n<div class=\"wp-block-column\"><\/div>\n<\/div>\n","protected":false},"excerpt":{"rendered":"<p>ANEKS DO REGULAMINU CMENTARZA Wysoko\u015b\u0107 op\u0142at pozostaje na dotychczasowym poziomie zgodnie z uchwa\u0142\u0105 Duszpasterskiej Rady Parafialnej z dnia 2 wrze\u015bnia 2003 r. \u2013 zaktualizowany dnia 30 sierpnia 2023 r. Op\u0142aty s\u0105 przyjmowane przez kancelari\u0119&#46;&#46;&#46;<\/p>\n<div class='heateorSssClear'><\/div><div  class='heateor_sss_sharing_container heateor_sss_horizontal_sharing' data-heateor-sss-href='http:\/\/parafiaostrowsko.info\/wordpress\/index.php\/aneks-do-regulaminu-cmentarza\/'><div class='heateor_sss_sharing_title' style=\"font-weight:bold\" >Udost\u0119pnij<\/div><div class=\"heateor_sss_sharing_ul\"><a class=\"heateor_sss_facebook\" href=\"https:\/\/www.facebook.com\/sharer\/sharer.php?u=http%3A%2F%2Fparafiaostrowsko.info%2Fwordpress%2Findex.php%2Faneks-do-regulaminu-cmentarza%2F\" title=\"Facebook\" rel=\"nofollow noopener\" target=\"_blank\" style=\"font-size:32px!important;box-shadow:none;display:inline-block;vertical-align:middle\"><span class=\"heateor_sss_svg\" style=\"background-color:#3c589a;width:35px;height:35px;border-radius:999px;display:inline-block;opacity:1;float:left;font-size:32px;box-shadow:none;display:inline-block;font-size:16px;padding:0 4px;vertical-align:middle;background-repeat:repeat;overflow:hidden;padding:0;cursor:pointer;box-sizing:content-box\"><svg style=\"display:block;border-radius:999px;\" focusable=\"false\" aria-hidden=\"true\" xmlns=\"http:\/\/www.w3.org\/2000\/svg\" width=\"100%\" height=\"100%\" viewBox=\"-5 -5 42 42\"><path d=\"M17.78 27.5V17.008h3.522l.527-4.09h-4.05v-2.61c0-1.182.33-1.99 2.023-1.99h2.166V4.66c-.375-.05-1.66-.16-3.155-.16-3.123 0-5.26 1.905-5.26 5.405v3.016h-3.53v4.09h3.53V27.5h4.223z\" fill=\"#fff\"><\/path><\/svg><\/span><\/a><a style=\"padding:7.35px 0 !important\" class=\"heateor_sss_facebook_share\"><div class=\"fb-share-button\" data-href=\"http:\/\/parafiaostrowsko.info\/wordpress\/index.php\/aneks-do-regulaminu-cmentarza\/\" data-layout=\"button\"><\/div><\/a><\/div><div class=\"heateorSssClear\"><\/div><\/div><div class='heateorSssClear'><\/div>","protected":false},"author":1,"featured_media":0,"parent":0,"menu_order":0,"comment_status":"closed","ping_status":"closed","template":"","meta":[],"_links":{"self":[{"href":"http:\/\/parafiaostrowsko.info\/wordpress\/index.php\/wp-json\/wp\/v2\/pages\/111"}],"collection":[{"href":"http:\/\/parafiaostrowsko.info\/wordpress\/index.php\/wp-json\/wp\/v2\/pages"}],"about":[{"href":"http:\/\/parafiaostrowsko.info\/wordpress\/index.php\/wp-json\/wp\/v2\/types\/page"}],"author":[{"embeddable":true,"href":"http:\/\/parafiaostrowsko.info\/wordpress\/index.php\/wp-json\/wp\/v2\/users\/1"}],"replies":[{"embeddable":true,"href":"http:\/\/parafiaostrowsko.info\/wordpress\/index.php\/wp-json\/wp\/v2\/comments?post=111"}],"version-history":[{"count":15,"href":"http:\/\/parafiaostrowsko.info\/wordpress\/index.php\/wp-json\/wp\/v2\/pages\/111\/revisions"}],"predecessor-version":[{"id":7697,"href":"http:\/\/parafiaostrowsko.info\/wordpress\/index.php\/wp-json\/wp\/v2\/pages\/111\/revisions\/7697"}],"wp:attachment":[{"href":"http:\/\/parafiaostrowsko.info\/wordpress\/index.php\/wp-json\/wp\/v2\/media?parent=111"}],"curies":[{"name":"wp","href":"https:\/\/api.w.org\/{rel}","templated":true}]}}