{"id":23,"date":"2020-08-20T17:21:01","date_gmt":"2020-08-20T15:21:01","guid":{"rendered":"http:\/\/parafiaostrowsko.info\/wordpress\/?page_id=23"},"modified":"2026-01-29T11:52:26","modified_gmt":"2026-01-29T10:52:26","slug":"artykuly-prasowe","status":"publish","type":"page","link":"http:\/\/parafiaostrowsko.info\/wordpress\/index.php\/artykuly-prasowe\/","title":{"rendered":"Artyku\u0142y prasowe"},"content":{"rendered":"\n<div class=\"wp-block-columns\">\n<div class=\"wp-block-column\"><\/div>\n\n\n\n<div class=\"wp-block-column\"><\/div>\n\n\n\n<div class=\"wp-block-column\"><\/div>\n<\/div>\n\n\n\n<p class=\"has-text-align-center has-medium-font-size\"><strong>Tutaj warto b\u0119dzie zagl\u0105da\u0107, by poczyta\u0107 co inni m\u00f3wi\u0105 o nas. <\/strong><\/p>\n\n\n\n<p><strong>rok 2024<\/strong><\/p>\n\n\n\n<p><a href=\"https:\/\/krakow.gosc.pl\/doc\/8887708.Finaly-z-marzeniami\" data-type=\"URL\" data-id=\"https:\/\/krakow.gosc.pl\/doc\/8887708.Finaly-z-marzeniami\" target=\"_blank\" rel=\"noreferrer noopener\">4 miejsce w Finale Mistrzostw Polski w Pi\u0142ce No\u017cnej KnC <\/a><\/p>\n\n\n\n<p><strong>rok 2025<\/strong><\/p>\n\n\n\n<p><a href=\"https:\/\/krakow.gosc.pl\/doc\/9404337.Ostrowsko-Stefan-Banach-geniusz-o-podhalanskim-rodowodzie\" data-type=\"URL\" data-id=\"https:\/\/krakow.gosc.pl\/doc\/9404337.Ostrowsko-Stefan-Banach-geniusz-o-podhalanskim-rodowodzie\" target=\"_blank\" rel=\"noreferrer noopener\">Stefan Banach geniusz o Podhala\u0144ski rodowodzie. Go\u015b\u0107 Niedzielny<\/a><\/p>\n\n\n\n<p><a rel=\"noreferrer noopener\" href=\"https:\/\/krakow.gosc.pl\/doc\/9425295.Mial-podhalanski-rodowod\" data-type=\"URL\" data-id=\"https:\/\/krakow.gosc.pl\/doc\/9425295.Mial-podhalanski-rodowod\" target=\"_blank\">Mia\u0142 podhala\u0144ski rodow\u00f3d.<\/a> Go\u015b\u0107 Niedzielny<\/p>\n\n\n\n<p><a href=\"https:\/\/krakow.gosc.pl\/gal\/spis\/9404365.Odsloniecie-pomnika-Stefana-Banacha\" data-type=\"URL\" data-id=\"https:\/\/krakow.gosc.pl\/gal\/spis\/9404365.Odsloniecie-pomnika-Stefana-Banacha\" target=\"_blank\" rel=\"noreferrer noopener\">Foto Galeria z ods\u0142oni\u0119cia pomnika. Go\u015b\u0107 Niedzielny<\/a><\/p>\n\n\n\n<p><a rel=\"noreferrer noopener\" href=\"https:\/\/nowytarg24.tv\/odsloniecie-pomnika-prof-stefana-banacha-w-ostrowsku-31-sierpnia-2025-r\/\" data-type=\"URL\" data-id=\"https:\/\/nowytarg24.tv\/odsloniecie-pomnika-prof-stefana-banacha-w-ostrowsku-31-sierpnia-2025-r\/\" target=\"_blank\">Ods\u0142oni\u0119cie pomnika prof. Stefana Banacha. Tygodnik Podhala\u0144ski. <\/a><\/p>\n\n\n\n<p><a rel=\"noreferrer noopener\" href=\"https:\/\/kuriergalicyjski.com\/ostrowsko-upamietnia-stefana-banacha-80-lat-po-smierci-uczonego\/\" data-type=\"URL\" data-id=\"https:\/\/kuriergalicyjski.com\/ostrowsko-upamietnia-stefana-banacha-80-lat-po-smierci-uczonego\/\" target=\"_blank\">Ostrowsko upami\u0119tnia Stefana Banacha. Kurier Galicyjski<\/a><\/p>\n\n\n\n<p><strong>rok 2026<\/strong><\/p>\n\n\n\n<p><a href=\"https:\/\/krakow.gosc.pl\/doc\/9561008.Skawa-140-wykonawcow-na-koledowaniu-u-salezjanow\" data-type=\"URL\" data-id=\"https:\/\/krakow.gosc.pl\/doc\/9561008.Skawa-140-wykonawcow-na-koledowaniu-u-salezjanow\" target=\"_blank\" rel=\"noreferrer noopener\">11.01.2026 &#8220;Bosko kol\u0119dowa\u0107 dla Jezusa&#8221; &#8211; Skawa &#8211; Konkurs Kol\u0119d i Pastora\u0142ek<\/a><\/p>\n","protected":false},"excerpt":{"rendered":"<p>Tutaj warto b\u0119dzie zagl\u0105da\u0107, by poczyta\u0107 co inni m\u00f3wi\u0105 o nas. rok 2024 4 miejsce w Finale Mistrzostw Polski w Pi\u0142ce No\u017cnej KnC rok 2025 Stefan Banach geniusz o Podhala\u0144ski rodowodzie. Go\u015b\u0107 Niedzielny Mia\u0142&#46;&#46;&#46;<\/p>\n<div class='heateorSssClear'><\/div><div  class='heateor_sss_sharing_container heateor_sss_horizontal_sharing' data-heateor-sss-href='http:\/\/parafiaostrowsko.info\/wordpress\/index.php\/artykuly-prasowe\/'><div class='heateor_sss_sharing_title' style=\"font-weight:bold\" >Udost\u0119pnij<\/div><div class=\"heateor_sss_sharing_ul\"><a class=\"heateor_sss_facebook\" href=\"https:\/\/www.facebook.com\/sharer\/sharer.php?u=http%3A%2F%2Fparafiaostrowsko.info%2Fwordpress%2Findex.php%2Fartykuly-prasowe%2F\" title=\"Facebook\" rel=\"nofollow noopener\" target=\"_blank\" style=\"font-size:32px!important;box-shadow:none;display:inline-block;vertical-align:middle\"><span class=\"heateor_sss_svg\" style=\"background-color:#3c589a;width:35px;height:35px;border-radius:999px;display:inline-block;opacity:1;float:left;font-size:32px;box-shadow:none;display:inline-block;font-size:16px;padding:0 4px;vertical-align:middle;background-repeat:repeat;overflow:hidden;padding:0;cursor:pointer;box-sizing:content-box\"><svg style=\"display:block;border-radius:999px;\" focusable=\"false\" aria-hidden=\"true\" xmlns=\"http:\/\/www.w3.org\/2000\/svg\" width=\"100%\" height=\"100%\" viewBox=\"-5 -5 42 42\"><path d=\"M17.78 27.5V17.008h3.522l.527-4.09h-4.05v-2.61c0-1.182.33-1.99 2.023-1.99h2.166V4.66c-.375-.05-1.66-.16-3.155-.16-3.123 0-5.26 1.905-5.26 5.405v3.016h-3.53v4.09h3.53V27.5h4.223z\" fill=\"#fff\"><\/path><\/svg><\/span><\/a><a style=\"padding:7.35px 0 !important\" class=\"heateor_sss_facebook_share\"><div class=\"fb-share-button\" data-href=\"http:\/\/parafiaostrowsko.info\/wordpress\/index.php\/artykuly-prasowe\/\" data-layout=\"button\"><\/div><\/a><\/div><div class=\"heateorSssClear\"><\/div><\/div><div class='heateorSssClear'><\/div>","protected":false},"author":1,"featured_media":0,"parent":0,"menu_order":0,"comment_status":"closed","ping_status":"closed","template":"","meta":[],"_links":{"self":[{"href":"http:\/\/parafiaostrowsko.info\/wordpress\/index.php\/wp-json\/wp\/v2\/pages\/23"}],"collection":[{"href":"http:\/\/parafiaostrowsko.info\/wordpress\/index.php\/wp-json\/wp\/v2\/pages"}],"about":[{"href":"http:\/\/parafiaostrowsko.info\/wordpress\/index.php\/wp-json\/wp\/v2\/types\/page"}],"author":[{"embeddable":true,"href":"http:\/\/parafiaostrowsko.info\/wordpress\/index.php\/wp-json\/wp\/v2\/users\/1"}],"replies":[{"embeddable":true,"href":"http:\/\/parafiaostrowsko.info\/wordpress\/index.php\/wp-json\/wp\/v2\/comments?post=23"}],"version-history":[{"count":16,"href":"http:\/\/parafiaostrowsko.info\/wordpress\/index.php\/wp-json\/wp\/v2\/pages\/23\/revisions"}],"predecessor-version":[{"id":9442,"href":"http:\/\/parafiaostrowsko.info\/wordpress\/index.php\/wp-json\/wp\/v2\/pages\/23\/revisions\/9442"}],"wp:attachment":[{"href":"http:\/\/parafiaostrowsko.info\/wordpress\/index.php\/wp-json\/wp\/v2\/media?parent=23"}],"curies":[{"name":"wp","href":"https:\/\/api.w.org\/{rel}","templated":true}]}}